prime factors of i.
2, 11, 17
Suppose -2*m = -3*l - 3, -4*m - 3*l = -2*l - 13. List the prime factors of (-1856)/(-6) + m + (-28)/12.
2, 5, 31
Let y(t) = t**2 + 8*t - 11. Let q be y(-9). Let u(w) = -23*w - 7*w - 2*w - 7 + 2*w. List the prime factors of u(q).
53
Let u(h) = 410*h - 116. What are the prime factors of u(4)?
2, 3, 127
Let j(d) = d**2 - 17*d - 680. What are the prime factors of j(46)?
2, 3, 109
Let j = -13 - -19. Suppose -34 = -j*d + 4*d. Suppose -x + 4 + d = 0. What are the prime factors of x?
3, 7
Let o be ((-280)/(-24) - 1/(-3)) + -2. Let v = 3 - 4. Let w = v + o. List the prime factors of w.
3
Suppose -4*h = 5*t - 108, 8 = -t - 2*h + 26. Let q = 38 - t. Let f(d) = d**2 - 13*d + 10. List the prime factors of f(q).
2, 3
Suppose -5*m - 31 - 83 = -4*z, z = -3*m - 82. Suppose 0 = 2*a - f + 27, -2*a - 42 = 4*f - 0*f. Let i = a - m. List the prime factors of i.
11
Suppose 11*q - 39 = 8*q. What are the prime factors of 873/q + 12/(-78)?
67
Suppose 8*g = -g + 279. Suppose 324 = g*a - 29*a. What are the prime factors of a?
2, 3
Let u = -745 - -2206. List the prime factors of u.
3, 487
Let h(k) = k. Let u be h(-1). Let v = -12 + u. Let l = 22 + v. List the prime factors of l.
3
Let o(m) = -14*m**3 + 2*m**2 - 6*m + 3. What are the prime factors of o(-3)?
3, 139
Suppose -48*n + 47*n + 2962 = 0. What are the prime factors of n?
2, 1481
Let i(o) be the third derivative of -1/120*o**6 + 0 - 1/12*o**4 - 6*o**2 + 1/10*o**5 + 7/6*o**3 + 0*o. List the prime factors of i(5).
2, 11
List the prime factors of (-1 - -549) + (-8 - -3).
3, 181
Let x = 36 + -36. Suppose 0 = -x*b - b + 91. What are the prime factors of b?
7, 13
Suppose 5*v - 10 = 2*y + v, -4*v = 5*y - 31. Suppose 68 = y*h - 169. What are the prime factors of h?
79
Let h = 9 + -6. Let z be 24/56 + h/(-7). Let y = z + 29. What are the prime factors of y?
29
Let k(f) = -f - 1. Let n be k(-10). Let g = 72 + n. List the prime factors of g.
3
Suppose 82*g - 77*g = -10, 3*g = -3*l + 5367. What are the prime factors of l?
3, 199
Suppose -4192*i + 4190*i + 3358 = 0. List the prime factors of i.
23, 73
Let l(q) = 7*q**2 - 4*q - 6. Let t = 7 - 11. List the prime factors of l(t).
2, 61
List the prime factors of 15/(-4)*(-28 - -16).
3, 5
Suppose -12*t - 1925 = -25193. List the prime factors of t.
7, 277
Let j(a) = 6*a**2 - 51*a - 8. List the prime factors of j(12).
2, 61
Let b = -5 + 7. Let x(m) = -2*m + 19*m**b - 4*m**2 + 2*m. What are the prime factors of x(1)?
3, 5
Let k = -12 - 0. List the prime factors of 3*(-1)/k - (-453)/12.
2, 19
Let b(w) = 108*w**3 + w**2 - 5*w + 5. List the prime factors of b(1).
109
Let o(n) = n**3 + 3*n**2 + 4*n + 4. Let f be o(-2). Suppose f = 7*i + 43 - 120. Suppose r - i - 30 = 0. List the prime factors of r.
41
Let p = 1191 + -806. List the prime factors of p.
5, 7, 11
Suppose -r + 9*l - 10*l = -414, 3*r + l - 1240 = 0. What are the prime factors of r?
7, 59
Let j = 6 - 19. Let u = 51 + j. Suppose -u = -4*t - 2. List the prime factors of t.
3
Let u = 1669 - 352. List the prime factors of u.
3, 439
Suppose 2*m + 641 - 2729 = 0. List the prime factors of (-2)/4 + m/24.
43
Let h = -173 - -112. Let a = h - -172. What are the prime factors of a?
3, 37
Let f(q) = 2 + 5*q - q**2 + 1 - 2*q + 4. Let u be f(4). Suppose c - 3*s - 7 = 0, u*s - 9 + 0 = 0. What are the prime factors of c?
2
Let n be 1160/15*(-6)/(-2). Suppose -n = -3*t + 5. List the prime factors of t.
79
Let g = 5 + -3. Suppose -a + l = -2, -l - 5 = -3*a + 7. Suppose 4*m = -w + 6 + g, 2*m + a*w = -14. What are the prime factors of m?
3
Let r(m) = 71*m**2 - 3*m - 22. What are the prime factors of r(-3)?
2, 313
Let z = 1966 + -930. What are the prime factors of z?
2, 7, 37
Suppose -24 = 4*x + 52. Let p = -7 - x. List the prime factors of (-158)/(-7) - p/(-28).
23
Suppose 5*x = -5*z - 0*x, x + 3 = 0. Suppose 15 = -z*i + 108. Let v = -15 + i. List the prime factors of v.
2
Let j(i) = -i**2 + 5*i + 42. Let h be j(-24). Let x = 987 + h. What are the prime factors of x?
3, 37
Suppose 2*j = 4*s + 1528, -3*s = -4*s - 3. List the prime factors of j.
2, 379
Let f = -206 - -3020. List the prime factors of f.
2, 3, 7, 67
Let z = 1698 + -1056. Suppose -72*u + z = -70*u. What are the prime factors of u?
3, 107
Let b(g) = g**3 - 5*g**2 - 7*g + 8. Let k be b(6). Suppose 150 = -k*q + 4*q. What are the prime factors of q?
3, 5
Let w(o) = 6*o + 5. Let z be w(7). Suppose 42*j = z*j - 815. What are the prime factors of j?
163
Let r(m) = 2*m + 6. Let i be r(-3). Let k = i + 26. List the prime factors of k.
2, 13
Let n(v) = 3*v**2 - 23*v + 37. Suppose -d = -3*z - 6, -17 = 3*z - 23. List the prime factors of n(d).
193
Let z(u) = -7 + 6 + 2 - 3*u. Let f be z(-8). Suppose -b = -6*b - f, 2*j + 2*b = 104. What are the prime factors of j?
3, 19
Let z(v) = -v**2 - v + 52. Let w be z(0). Suppose 0*m - 2*u = 3*m - w, 62 = 3*m + 4*u. List the prime factors of m.
2, 7
Let p = 52 - 28. Let k be -255*(-3 + p/9). Suppose 0*f + k = 5*f. What are the prime factors of f?
17
Let x(u) = u**3 - 9*u**2 + 11*u - 1. Let z be (-129)/(-15) - 9/15. What are the prime factors of x(z)?
23
Let a = 38 + 0. Let k = 21 + a. What are the prime factors of k?
59
Let t be 7/7*(3 - 1). Let m(r) = 72*r. Let w be m(t). Suppose -4*q + 3*v = -w, q + q + 5*v = 46. List the prime factors of q.
3, 11
Let z(o) = -4*o**2 - 1. Let d be z(1). List the prime factors of ((-29)/4)/(d/80).
2, 29
Let v(f) = f**3 + 6*f**2 - f - 6. Let i be v(-4). Suppose 0 = t + 4*t + 110. Let b = i + t. List the prime factors of b.
2
Suppose 0 = 14*s - 6436 - 2986. What are the prime factors of s?
673
Let m(i) = -i**3 + 12*i**2 + 14*i - 18. Let x be m(13). List the prime factors of (16230/(-36))/x + 1/(-6).
2, 3, 5
Suppose 17861 = 24*u - 22507. List the prime factors of u.
2, 29
Suppose 0 = -3*i - 4*y + 2270, -8 + 13 = -5*y. List the prime factors of i.
2, 379
Suppose 3*h + 216 = 3408. What are the prime factors of h?
2, 7, 19
List the prime factors of (57 + 0)*(484/33 - 7).
19, 23
What are the prime factors of 703 + 17/((-119)/(-42))?
709
Let p = 6 - 5. Let l be 6/1 + (p - 2). Suppose 0 = -l*f - 3*u + 188, 3*f = 5*f + u - 76. What are the prime factors of f?
2, 5
Let x = 46 + -58. Let g = x + 44. What are the prime factors of g?
2
Let w be ((-56)/(-21))/(2/3). Suppose k + w*k = -5. Let z = 28 - k. What are the prime factors of z?
29
Suppose 106436 = -32*t + 76*t. What are the prime factors of t?
41, 59
Let q = 23 + -11. Suppose q*c - 17*c = -20. What are the prime factors of (-1536)/(-42) + c/(-7)?
2, 3
Let j(s) = -s**3 - 7*s**2 + 8*s + 2. List the prime factors of j(-9).
2, 23
Suppose 9*i - 5 = -23. What are the prime factors of (-832)/(-20) + (-24)/(-10) + i?
2, 3, 7
Let i(o) = o**2 + o + 78. Suppose 29*g - 24*g = 0. What are the prime factors of i(g)?
2, 3, 13
Let h be ((-2)/(-4) - 0)/(7/(-364)). Let c = 94 + h. What are the prime factors of c?
2, 17
Suppose 2*s - 687 = -2*q + 1283, 2*s = q + 1970. List the prime factors of s.
5, 197
What are the prime factors of 56/3*321/4?
2, 7, 107
Let s(q) = 3*q**2 + 20*q. Let g be s(-14). Suppose -5*u = -g - 137. What are the prime factors of u?
89
Let t(h) = 4*h + 42. Let d be t(-7). What are the prime factors of ((-30)/d)/(13/(-91))?
3, 5
Let y(b) = -251*b**3 + 3*b**2 + 3*b + 1. Let g(z) = -z**3 - 13*z**2 - 22*z - 1. Let w be g(-11). What are the prime factors of y(w)?
2, 3, 7
Let u(a) = a**2 + 4*a + 77. What are the prime factors of u(-17)?
2, 149
Let p(a) = -243*a - 89. What are the prime factors of p(-3)?
2, 5
Let i = -26 + 25. Let q be i*(3 + -1)*-4. Let f = q + 12. List the prime factors of f.
2, 5
Let u(c) be the second derivative of c**3 + c**2/2 - 4*c. Suppose 2*x + x + 13 = 4*m, 5*m = -x + 21. What are the prime factors of u(x)?
7
Let q = -3477 - -6013. What are the prime factors of q?
2, 317
Let j(u) = -3*u + 11. Let y be j(6). What are the prime factors of 16/(-56) + (-1185)/y?
13
Suppose 4*d - 2*t = 48, t - 22 = -5*d + 31. What are the prime factors of d/22*(19 - 1)?
3
Let g(r) be the second derivative of -r**5/20 + 3*r**4/4 + r**3/6 - 9*r**2/2 - 16*r. What are the prime factors of g(8)?
3, 7
Let w(a) = 39*a**2 + 45*a + 23. What are the prime factors of w(7)?
13, 173
Let r be ((-4)/(-12))/((-1)/(-246)). Suppose -11*n + 47 + 8 = 0. Suppose -r = -n*k